?
13
What is the greatest common divisor of 8541 and 3481881?
2847
What is the highest common factor of 964923702 and 447?
447
What is the highest common factor of 467370 and 324810?
810
What is the greatest common divisor of 23 and 144971668?
23
Calculate the greatest common divisor of 7960 and 658858752.
1592
What is the greatest common factor of 404943275 and 825?
275
Calculate the highest common divisor of 50862 and 8851026.
1038
Calculate the highest common divisor of 76 and 12370843.
19
Calculate the highest common divisor of 2745 and 1313635.
305
Calculate the greatest common divisor of 2864 and 366950.
358
What is the greatest common factor of 99 and 396725131?
11
What is the highest common divisor of 1655 and 39056345?
1655
Calculate the highest common factor of 510 and 3702770.
170
Calculate the highest common divisor of 4939806 and 3.
3
Calculate the highest common divisor of 57622869 and 36.
9
Calculate the highest common factor of 934895 and 20439.
757
What is the greatest common divisor of 17256469 and 3532?
883
What is the highest common divisor of 3539624 and 6844?
116
Calculate the highest common factor of 927 and 317652.
309
What is the highest common divisor of 28034 and 557470?
214
Calculate the highest common factor of 23 and 644364573.
23
What is the highest common factor of 43464825 and 225?
225
What is the highest common divisor of 61827 and 7992?
111
Calculate the highest common factor of 5046 and 3821214.
174
What is the highest common factor of 15036800 and 1016?
1016
Calculate the greatest common divisor of 1388 and 382255894.
694
What is the greatest common factor of 188199 and 1720917?
99
What is the greatest common factor of 3245714703 and 2331?
2331
What is the highest common divisor of 165 and 174139410?
15
Calculate the highest common factor of 10905772 and 205428.
1292
Calculate the highest common divisor of 44 and 18861568.
44
What is the highest common factor of 835 and 6219065?
5
Calculate the greatest common divisor of 7413390 and 13122.
54
Calculate the highest common divisor of 72 and 53504.
8
What is the greatest common divisor of 7744 and 2876654?
242
What is the highest common factor of 3897320 and 6200?
1240
Calculate the highest common factor of 110304 and 37512.
72
What is the highest common divisor of 13040293 and 553?
553
What is the greatest common factor of 376 and 5298874?
94
Calculate the highest common factor of 1207340 and 206329.
901
What is the highest common divisor of 431991003 and 382?
191
Calculate the highest common factor of 7479 and 7849349.
277
Calculate the greatest common divisor of 6650 and 1024366.
266
What is the highest common factor of 3658 and 124?
62
Calculate the greatest common factor of 59469715 and 152.
19
What is the greatest common divisor of 2456092 and 2584?
1292
What is the highest common divisor of 232065919 and 4003?
4003
What is the greatest common factor of 974005 and 26145?
415
What is the highest common divisor of 3912653 and 12991?
1181
Calculate the greatest common divisor of 37716 and 20172.
12
What is the highest common factor of 837 and 4383?
9
Calculate the greatest common factor of 22793 and 26473.
23
Calculate the greatest common divisor of 105427018 and 3497.
269
What is the highest common divisor of 228664515 and 3435?
3435
What is the greatest common divisor of 19008 and 569360?
176
Calculate the highest common divisor of 108484 and 6171127.
733
Calculate the highest common factor of 6948704 and 926.
926
What is the highest common factor of 115 and 178803265?
115
Calculate the highest common factor of 423 and 57786453.
423
What is the highest common factor of 15596256 and 288?
96
What is the greatest common divisor of 848 and 153359104?
848
Calculate the greatest common factor of 29040539 and 3202.
1601
Calculate the greatest common factor of 237526377 and 22.
11
Calculate the highest common divisor of 367295159 and 33.
11
What is the greatest common factor of 264024 and 221844?
228
What is the highest common divisor of 733374 and 24?
6
What is the greatest common factor of 1928 and 17087141?
241
What is the greatest common factor of 25905 and 6507336?
5181
What is the highest common divisor of 16346 and 694133?
11
Calculate the greatest common factor of 58104 and 852282.
54
Calculate the greatest common divisor of 22333270 and 118.
118
Calculate the highest common factor of 52364 and 43135852.
4028
Calculate the greatest common divisor of 596 and 30461113.
149
Calculate the highest common divisor of 364 and 10197187.
91
What is the highest common divisor of 1851 and 1966996?
617
What is the highest common factor of 21375 and 634952925?
4275
Calculate the greatest common factor of 3173980 and 6220.
20
Calculate the greatest common divisor of 175275 and 136684575.
4275
Calculate the highest common divisor of 180 and 3389130.
90
What is the greatest common divisor of 2 and 576979?
1
What is the greatest common factor of 29946525 and 475?
25
What is the highest common factor of 101 and 87766071?
101
What is the greatest common divisor of 640 and 4344640?
320
What is the highest common factor of 20131 and 1493131?
491
What is the highest common factor of 515 and 26481815?
515
What is the highest common factor of 334448 and 3648?
16
What is the greatest common divisor of 78 and 9197565?
39
What is the highest common divisor of 170880 and 2982?
6
What is the greatest common factor of 66234 and 440077620?
9462
Calculate the greatest common factor of 157 and 109476571.
157
What is the highest common divisor of 1622224 and 2650?
106
What is the greatest common factor of 507 and 24975327?
507
Calculate the greatest common factor of 49078916 and 4.
4
What is the highest common divisor of 3964758 and 70?
14
Calculate the greatest common factor of 932985 and 4689.
9
What is the highest common divisor of 330 and 162943473?
33
Calculate the greatest common divisor of 12748 and 29259847.
3187
What is the greatest common factor of 1710816 and 114?
6
Calculate the highest common divisor of 172472 and 424.
8
Calculate the greatest common divisor of 975 and 3475005.
15
What is the highest common factor of 56776793 and 309?
103
Calculate the highest common factor of 46513 and 150625.
241
Calculate the highest common divisor of 449273 and 31537.
517
What is the greatest common factor of 1319692 and 8188?
356
What is the greatest common factor of 25715 and 297295?
185
What is the greatest common factor of 30392159 and 379148?
8617
Calculate the highest common factor of 822948 and 690739.
707
What is the greatest common divisor of 483435392 and 912?
304
What is the highest common divisor of 14199455 and 220?
5
Calculate the greatest common divisor of 398375 and 103500.
125
What is the greatest common divisor of 3192 and 9752928?
456
What is the highest common factor of 99 and 3687486?
33
Calculate the greatest common factor of 1208077 and 143.
13
What is the highest common factor of 156 and 1308388380?
156
What is the greatest common factor of 58744 and 55685116?
4196
What is the greatest common factor of 432 and 90236256?
48
What is the greatest common factor of 9164437 and 19933?
31
Calculate the greatest common divisor of 15617 and 630791.
679
Calculate the highest common divisor of 58957 and 979799.
107
What is the highest common factor of 1 and 4116713?
1
What is the highest common factor of 164203 and 4709?
17
Calculate the greatest common divisor of 2085700 and 2700.
100
What is the greatest common factor of 21812882 and 364?
182
Calculate the highest common divisor of 11994 and 1321063138.
3998
What is the greatest common divisor of 201779352 and 4440?
888
Calculate the highest common factor of 44605 and 65188180.
4055
What is the greatest common factor of 8708 and 7069412?
28
Calculate the highest common divisor of 45152525 and 275.
275
What is the highest common divisor of 71629 and 7304?
83
What is the highest common factor of 2 and 236186?
2
What is the highest common factor of 10904253 and 3855?
771
Calculate the highest common divisor of 815728 and 29376.
272
Calculate the highest common divisor of 5785758 and 495.
99
Calculate the greatest common factor of 12318600 and 200.
200
Calculate the greatest common factor of 13586378 and 5018.
26
What is th